{"id":163,"date":"2023-04-11T17:53:01","date_gmt":"2023-04-11T13:53:01","guid":{"rendered":"https:\/\/ambbaku.esteri.it\/chi-siamo\/lambasciatore\/"},"modified":"2024-05-30T16:51:41","modified_gmt":"2024-05-30T12:51:41","slug":"lambasciatore","status":"publish","type":"page","link":"https:\/\/ambbaku.esteri.it\/az\/chi-siamo\/lambasciatore\/","title":{"rendered":"S\u0259fir"},"content":{"rendered":"<p><img loading=\"lazy\" decoding=\"async\" class=\"alignnone wp-image-2708 img-fluid\" src=\"https:\/\/ambbaku.esteri.it\/wp-content\/uploads\/2024\/05\/PHOTO-2024-05-02-17-26-29-1-300x200.jpg\" alt=\"\" width=\"320\" height=\"213\" srcset=\"https:\/\/ambbaku.esteri.it\/wp-content\/uploads\/2024\/05\/PHOTO-2024-05-02-17-26-29-1-300x200.jpg 300w, https:\/\/ambbaku.esteri.it\/wp-content\/uploads\/2024\/05\/PHOTO-2024-05-02-17-26-29-1-1024x682.jpg 1024w, https:\/\/ambbaku.esteri.it\/wp-content\/uploads\/2024\/05\/PHOTO-2024-05-02-17-26-29-1-768x512.jpg 768w, https:\/\/ambbaku.esteri.it\/wp-content\/uploads\/2024\/05\/PHOTO-2024-05-02-17-26-29-1.jpg 1600w\" sizes=\"auto, (max-width: 320px) 100vw, 320px\" \/><\/p>\n<p style=\"text-align: justify;\">Luka Di Canfran\u00e7esko 28 may 1977-ci ild\u0259 Romada anadan olub. &#8220;Roma Tre&#8221; Universitetinin Siyasi Elml\u0259r fak\u00fclt\u0259sini bitirdikd\u0259n sonra 2002-ci ild\u0259 diplomatik karyeraya ba\u015flay\u0131b.<\/p>\n<p style=\"text-align: justify;\">Xarici \u0130\u015fl\u0259r Nazirliyind\u0259 o, Ba\u015f M\u00fcf\u0259tti\u015f Katibliyind\u0259 \u0259v\u0259zedici, sonra is\u0259 Avropa \u00f6lk\u0259l\u0259ri \u00fczr\u0259 Ba\u015f Ofisd\u0259 Q\u0259rbi Balkanlar \u00fczr\u0259 departamentd\u0259 \u0259v\u0259zedici olub.<\/p>\n<p style=\"text-align: justify;\">2007-2010-cu ill\u0259rd\u0259 \u0130taliyan\u0131n Sarayevo S\u0259firliyind\u0259 Ticari i\u015fl\u0259r \u00fczr\u0259 Birinci Katib, 2010-2012-ci ill\u0259rd\u0259 is\u0259 San&#8217;a \u015f\u0259h\u0259rind\u0259 olub, burada o, 2011-ci il avqustun 1-d\u0259n 2012-ci il may\u0131n 16-d\u0259k \u0130taliyan\u0131n Y\u0259m\u0259nd\u0259ki S\u0259firliyind\u0259 m\u00fcv\u0259qq\u0259ti i\u015fl\u0259r v\u0259kili v\u0259zif\u0259sind\u0259 \u00e7al\u0131\u015f\u0131b.<\/p>\n<p style=\"text-align: justify;\">2012-ci ild\u0259 \u0130taliyan\u0131n Br\u00fcsseld\u0259ki Atlantik \u015euras\u0131 yan\u0131nda Daimi N\u00fcmay\u0259nd\u0259liyind\u0259 f\u0259aliyy\u0259t\u0259 ba\u015flam\u0131\u015f v\u0259 2013-c\u00fc ild\u0259n etibar\u0259n M\u00fc\u015favir funksiyas\u0131n\u0131 yerin\u0259 yetirmi\u015fdir.<\/p>\n<p style=\"text-align: justify;\">2016-c\u0131 ild\u0259 Nazirl\u0259r \u015euras\u0131 S\u0259drinin Diplomatik M\u00fc\u015favirliyi ofisind\u0259 \u00e7al\u0131\u015f\u0131b. 2018-ci ild\u0259 \u0130nfrastruktur v\u0259 N\u0259qliyyat nazirinin diplomatik m\u00fc\u015faviri t\u0259yin edilib (2019 v\u0259 2021-ci ill\u0259rd\u0259 h\u00f6kum\u0259t d\u0259yi\u015fikliyi il\u0259 \u0259laq\u0259dar yenid\u0259n t\u0259sdiql\u0259nib).<\/p>\n<p style=\"text-align: justify;\">2022-ci ild\u0259 Xarici \u0130\u015fl\u0259r v\u0259 Beyn\u0259lxalq \u018fm\u0259kda\u015fl\u0131q Nazirliyinin \u00d6lk\u0259 Sisteminin T\u0259\u015fviqi Ba\u015f \u0130dar\u0259sinin \u0130nteqrasiya T\u0259bli\u011fat \u0130dar\u0259sinin r\u0259isi t\u0259yin olunub.<\/p>\n<p style=\"text-align: justify;\">2024-c\u00fc ilin may ay\u0131ndan \u0130taliyan\u0131n Bak\u0131dak\u0131 S\u0259firidir.<\/p>\n<p style=\"text-align: justify;\">2019-cu ild\u0259 \u0130taliya Respublikas\u0131 qar\u015f\u0131s\u0131nda xidm\u0259tl\u0259r\u0259 g\u00f6r\u0259 ordenin\u0259 layiq g\u00f6r\u00fcl\u00fcb.<\/p>\n<p>Wiame Bounejar il\u0259 ail\u0259lidir.<\/p>\n<h1 id=\"firstHeading\" class=\"firstHeading mw-first-heading\" style=\"text-align: justify;\"><\/h1>\n","protected":false},"excerpt":{"rendered":"Luka Di Canfran\u00e7esko 28 may 1977-ci ild\u0259 Romada anadan olub. &#8220;Roma Tre&#8221; Universitetinin Siyasi Elml\u0259r fak\u00fclt\u0259sini bitirdikd\u0259n sonra 2002-ci ild\u0259 diplomatik karyeraya ba\u015flay\u0131b. Xarici \u0130\u015fl\u0259r Nazirliyind\u0259 o, Ba\u015f M\u00fcf\u0259tti\u015f Katibliyind\u0259 \u0259v\u0259zedici, sonra is\u0259 Avropa \u00f6lk\u0259l\u0259ri \u00fczr\u0259 Ba\u015f Ofisd\u0259 Q\u0259rbi Balkanlar \u00fczr\u0259 departamentd\u0259 \u0259v\u0259zedici olub. 2007-2010-cu ill\u0259rd\u0259 \u0130taliyan\u0131n Sarayevo S\u0259firliyind\u0259 Ticari i\u015fl\u0259r \u00fczr\u0259 Birinci Katib, 2010-2012-ci [&hellip;]","protected":false},"author":1,"featured_media":0,"parent":162,"menu_order":0,"comment_status":"closed","ping_status":"closed","template":"","meta":{"footnotes":""},"class_list":["post-163","page","type-page","status-publish","hentry"],"_links":{"self":[{"href":"https:\/\/ambbaku.esteri.it\/az\/wp-json\/wp\/v2\/pages\/163","targetHints":{"allow":["GET"]}}],"collection":[{"href":"https:\/\/ambbaku.esteri.it\/az\/wp-json\/wp\/v2\/pages"}],"about":[{"href":"https:\/\/ambbaku.esteri.it\/az\/wp-json\/wp\/v2\/types\/page"}],"author":[{"embeddable":true,"href":"https:\/\/ambbaku.esteri.it\/az\/wp-json\/wp\/v2\/users\/1"}],"replies":[{"embeddable":true,"href":"https:\/\/ambbaku.esteri.it\/az\/wp-json\/wp\/v2\/comments?post=163"}],"version-history":[{"count":6,"href":"https:\/\/ambbaku.esteri.it\/az\/wp-json\/wp\/v2\/pages\/163\/revisions"}],"predecessor-version":[{"id":2743,"href":"https:\/\/ambbaku.esteri.it\/az\/wp-json\/wp\/v2\/pages\/163\/revisions\/2743"}],"up":[{"embeddable":true,"href":"https:\/\/ambbaku.esteri.it\/az\/wp-json\/wp\/v2\/pages\/162"}],"wp:attachment":[{"href":"https:\/\/ambbaku.esteri.it\/az\/wp-json\/wp\/v2\/media?parent=163"}],"curies":[{"name":"wp","href":"https:\/\/api.w.org\/{rel}","templated":true}]}}

Səfir

<p><img loading="lazy" decoding="async" class="alignnone wp-image-2708 img-fluid" src="https://ambbaku.esteri.it/wp-content/uploads/2024/05/PHOTO-2024-05-02-17-26-29-1-300x200.jpg" alt="" width="320" height="213" srcset="https://ambbaku.esteri.it/wp-content/uploads/2024/05/PHOTO-2024-05-02-17-26-29-1-300x200.jpg 300w, https://ambbaku.esteri.it/wp-content/uploads/2024/05/PHOTO-2024-05-02-17-26-29-1-1024x682.jpg 1024w, https://ambbaku.esteri.it/wp-content/uploads/2024/05/PHOTO-2024-05-02-17-26-29-1-768x512.jpg 768w, https://ambbaku.esteri.it/wp-content/uploads/2024/05/PHOTO-2024-05-02-17-26-29-1.jpg 1600w" sizes="auto, (max-width: 320px) 100vw, 320px" /></p>
<p style="text-align: justify;">Luka Di Canfrançesko 28 may 1977-ci ildə Romada anadan olub. &#8220;Roma Tre&#8221; Universitetinin Siyasi Elmlər fakültəsini bitirdikdən sonra 2002-ci ildə diplomatik karyeraya başlayıb.</p>
<p style="text-align: justify;">Xarici İşlər Nazirliyində o, Baş Müfəttiş Katibliyində əvəzedici, sonra isə Avropa ölkələri üzrə Baş Ofisdə Qərbi Balkanlar üzrə departamentdə əvəzedici olub.</p>
<p style="text-align: justify;">2007-2010-cu illərdə İtaliyanın Sarayevo Səfirliyində Ticari işlər üzrə Birinci Katib, 2010-2012-ci illərdə isə San&#8217;a şəhərində olub, burada o, 2011-ci il avqustun 1-dən 2012-ci il mayın 16-dək İtaliyanın Yəməndəki Səfirliyində müvəqqəti işlər vəkili vəzifəsində çalışıb.</p>
<p style="text-align: justify;">2012-ci ildə İtaliyanın Brüsseldəki Atlantik Şurası yanında Daimi Nümayəndəliyində fəaliyyətə başlamış və 2013-cü ildən etibarən Müşavir funksiyasını yerinə yetirmişdir.</p>
<p style="text-align: justify;">2016-cı ildə Nazirlər Şurası Sədrinin Diplomatik Müşavirliyi ofisində çalışıb. 2018-ci ildə İnfrastruktur və Nəqliyyat nazirinin diplomatik müşaviri təyin edilib (2019 və 2021-ci illərdə hökumət dəyişikliyi ilə əlaqədar yenidən təsdiqlənib).</p>
<p style="text-align: justify;">2022-ci ildə Xarici İşlər və Beynəlxalq Əməkdaşlıq Nazirliyinin Ölkə Sisteminin Təşviqi Baş İdarəsinin İnteqrasiya Təbliğat İdarəsinin rəisi təyin olunub.</p>
<p style="text-align: justify;">2024-cü ilin may ayından İtaliyanın Bakıdakı Səfiridir.</p>
<p style="text-align: justify;">2019-cu ildə İtaliya Respublikası qarşısında xidmətlərə görə ordeninə layiq görülüb.</p>
<p>Wiame Bounejar ilə ailəlidir.</p>
<h1 id="firstHeading" class="firstHeading mw-first-heading" style="text-align: justify;"></h1>

Luka Di Canfrançesko 28 may 1977-ci ildə Romada anadan olub. &#8220;Roma Tre&#8221; Universitetinin Siyasi Elmlər fakültəsini bitirdikdən sonra 2002-ci ildə diplomatik karyeraya başlayıb. Xarici İşlər Nazirliyində o, Baş Müfəttiş Katibliyində əvəzedici, sonra isə Avropa ölkələri üzrə Baş Ofisdə Qərbi Balkanlar üzrə departamentdə əvəzedici olub. 2007-2010-cu illərdə İtaliyanın Sarayevo Səfirliyində Ticari işlər üzrə Birinci Katib, 2010-2012-ci [&hellip;]
