{"id":165,"date":"2025-10-15T15:00:19","date_gmt":"2025-10-15T11:00:19","guid":{"rendered":"https:\/\/ambbaku.esteri.it\/chi-siamo\/gli-uffici\/"},"modified":"2025-10-16T15:43:07","modified_gmt":"2025-10-16T11:43:07","slug":"gli-uffici","status":"publish","type":"page","link":"https:\/\/ambbaku.esteri.it\/az\/chi-siamo\/gli-uffici\/","title":{"rendered":"Ofisl\u0259r"},"content":{"rendered":"<div>\n<p><strong>S\u018fF\u0130R<\/strong><\/p>\n<p>&nbsp;<\/p>\n<\/div>\n<div>\n<p>S\u0259fir LUCA D\u0130 GIANFRANCESCO<\/p>\n<p>&nbsp;<\/p>\n<p><strong>S\u018fF\u0130R\u0130N KAT\u0130BL\u0130K \u015e\u00d6B\u018fS\u0130<\/strong><\/p>\n<p>Xan\u0131m Aydan \u018fL\u0130YEVA (T\u0259rc\u00fcm\u0259\u00e7i)<\/p>\n<p>Tel +994-12-4975133\/35 daxili 126\/127<\/p>\n<p>e-mail:\u00a0<a href=\"mailto:segreteria.baku@esteri.it\">segreteria.baku@esteri.it<\/a><\/p>\n<p>&nbsp;<\/p>\n<p><strong>S\u018fF\u0130R\u0130N M\u00dcAV<\/strong><strong>\u0130N\u0130 <\/strong><\/p>\n<p>C\u0259nab Riccardo CURS\u0130<\/p>\n<p>&nbsp;<\/p>\n<p><strong>B\u0130R\u0130NC\u0130 KAT\u0130B<\/strong><\/p>\n<p>C\u0259nab Marvin SEN\u0130GA<\/p>\n<p>&nbsp;<\/p>\n<p><strong>Diplomatik n\u00fcmay\u0259nd\u0259l\u0259rin katiblik \u015f\u00f6b\u0259si<\/strong><\/p>\n<p>Xan\u0131m G\u00fcl\u015f\u0259n \u018fL\u0130YEVA (Assistent)<\/p>\n<p>Tel: +994 12 497 51 33\/35 daxili 145<\/p>\n<p>email:\u00a0<a href=\"mailto:ambasciata.baku@esteri.it\">ambasciata.baku@esteri.it<\/a>\u00a0<a href=\"mailto:andrea.quartieri@esteri.it\"><br \/>\n<\/a><\/p>\n<p>&nbsp;<\/p>\n<p><strong>KONSULLUQ \u015e\u00d6B\u018fS\u0130<\/strong><\/p>\n<p>Konsulluq \u015e\u00f6b\u0259sinin m\u0259sul \u015f\u0259xsi<\/p>\n<p><strong>Xan\u0131m<\/strong> <strong>Maria Elena GIOVANNINI OLMOS<\/strong><\/p>\n<p><strong>\u00a0<\/strong><\/p>\n<p>Konsulluq \u015e\u00f6b\u0259sinin m\u0259sul \u015f\u0259xsinin m\u00fcavini<\/p>\n<p><strong>C\u0259nab Roberto BATTILOCCHIO<\/strong><\/p>\n<p><strong>\u00a0<\/strong><\/p>\n<p>e-mail:\u00a0<a href=\"mailto:baku.consolare@esteri.it\">baku.consolare@esteri.it<\/a><\/p>\n<p>e-mail:\u00a0<a href=\"mailto:baku.visti@esteri.it\">baku.visti@esteri.it<\/a><\/p>\n<p>&nbsp;<\/p>\n<p><strong>T\u018f\u015eV\u0130QAT \u0130NTEQRAS\u0130YA \u015e\u00d6B\u018fS\u0130 (Ticar\u0259t v\u0259 M\u0259d\u0259niyy\u0259t)<\/strong><\/p>\n<p>C\u0259nab Alessandro PAR\u0130NNELLO<\/p>\n<p>Tel +994-12-4975133\/35 daxili n. 119<\/p>\n<p>e-mail:\u00a0<a href=\"mailto:commerciale.baku@esteri.it\">commerciale.baku@esteri.it<\/a>,\u00a0<a href=\"mailto:culturale.baku@esteri.it\">culturale.baku@esteri.it<\/a> <a href=\"https:\/\/nexus.esteri.it\/\">NEXUS (esteri.it)<\/a><\/p>\n<p>&nbsp;<\/p>\n<p><strong>\u0130NZ\u0130BAT\u0130 \u015e\u00d6B\u018f<\/strong><\/p>\n<p><strong><br \/>\nXan\u0131m\u00a0Federica SCALORA<\/strong> (\u0130nzibati v\u0259 m\u00fchasibatl\u0131q \u015f\u00f6b\u0259sinin koordinatoru)<\/p>\n<p>Tel +994-12-4975133\/35, +994 12 4976998, +994 12 4975258\u00a0daxili 129<\/p>\n<p>e-mail:\u00a0<a href=\"mailto:contabilita.baku@esteri.it\">contabilita.baku@esteri.it<\/a><\/p>\n<p><strong><br \/>\nXan\u0131m Cristina V\u0130TT\u0130<\/strong> (\u0130nzibati v\u0259 m\u00fchasibatl\u0131q \u015f\u00f6b\u0259sinin m\u0259sul \u015f\u0259xsi)<\/p>\n<p>Tel +994-12-4975133\/35, +994 12 4976998, +994 12 4975258\u00a0daxili 143<\/p>\n<p>e-mail:\u00a0<a href=\"mailto:contabilita.baku@esteri.it\">contabilita.baku@esteri.it<\/a><\/p>\n<p>&nbsp;<\/p>\n<p><strong>H\u018fRB\u0130 ATTA\u015eEL\u0130K OF\u0130S\u0130 <\/strong><\/p>\n<p>C.V. Gianfranco VIZZINI (H\u0259rbi Atta\u015fe)<br \/>\nTel.VOIP \u00a0206-1450 \/ 54<br \/>\nTel. +39 06469161450\/54<br \/>\nemail:\u00a0<a href=\"mailto:difeitalia.baku@smd.difesa.it\">difeitalia.baku@smd.difesa.it<\/a><\/p>\n<p>&nbsp;<\/p>\n<p><strong>\u0130TAL\u0130YA \u015e\u0130RK\u018fTL\u018fR\u0130N\u0130N XAR\u0130CD\u018f<\/strong><strong>\u202f<\/strong><strong>T\u018f\u015eV\u0130Q\u0130 AGENTL\u0130Y\u0130 (ICE)<\/strong><\/p>\n<p>Xan\u0131m Cecilia OL\u0130VA (Direktor)<\/p>\n<p>Tel.:\u00a0+994 12 4971793<\/p>\n<p>E-mail:\u00a0<a href=\"mailto:baku@ice.it\">baku@ice.it<\/a><\/p>\n<p>Web:\u00a0<a href=\"http:\/\/www.ice.it\/\">www.ice.it<\/a><\/p>\n<p>&nbsp;<\/p>\n<p>&nbsp;<\/p>\n<\/div>\n","protected":false},"excerpt":{"rendered":"S\u018fF\u0130R &nbsp; S\u0259fir LUCA D\u0130 GIANFRANCESCO &nbsp; S\u018fF\u0130R\u0130N KAT\u0130BL\u0130K \u015e\u00d6B\u018fS\u0130 Xan\u0131m Aydan \u018fL\u0130YEVA (T\u0259rc\u00fcm\u0259\u00e7i) Tel +994-12-4975133\/35 daxili 126\/127 e-mail:\u00a0segreteria.baku@esteri.it &nbsp; S\u018fF\u0130R\u0130N M\u00dcAV\u0130N\u0130 C\u0259nab Riccardo CURS\u0130 &nbsp; B\u0130R\u0130NC\u0130 KAT\u0130B C\u0259nab Marvin SEN\u0130GA &nbsp; Diplomatik n\u00fcmay\u0259nd\u0259l\u0259rin katiblik \u015f\u00f6b\u0259si Xan\u0131m G\u00fcl\u015f\u0259n \u018fL\u0130YEVA (Assistent) Tel: +994 12 497 51 33\/35 daxili 145 email:\u00a0ambasciata.baku@esteri.it\u00a0 &nbsp; KONSULLUQ \u015e\u00d6B\u018fS\u0130 Konsulluq \u015e\u00f6b\u0259sinin m\u0259sul [&hellip;]","protected":false},"author":1,"featured_media":0,"parent":162,"menu_order":4,"comment_status":"closed","ping_status":"closed","template":"","meta":{"footnotes":""},"class_list":["post-165","page","type-page","status-publish","hentry"],"_links":{"self":[{"href":"https:\/\/ambbaku.esteri.it\/az\/wp-json\/wp\/v2\/pages\/165","targetHints":{"allow":["GET"]}}],"collection":[{"href":"https:\/\/ambbaku.esteri.it\/az\/wp-json\/wp\/v2\/pages"}],"about":[{"href":"https:\/\/ambbaku.esteri.it\/az\/wp-json\/wp\/v2\/types\/page"}],"author":[{"embeddable":true,"href":"https:\/\/ambbaku.esteri.it\/az\/wp-json\/wp\/v2\/users\/1"}],"replies":[{"embeddable":true,"href":"https:\/\/ambbaku.esteri.it\/az\/wp-json\/wp\/v2\/comments?post=165"}],"version-history":[{"count":6,"href":"https:\/\/ambbaku.esteri.it\/az\/wp-json\/wp\/v2\/pages\/165\/revisions"}],"predecessor-version":[{"id":4286,"href":"https:\/\/ambbaku.esteri.it\/az\/wp-json\/wp\/v2\/pages\/165\/revisions\/4286"}],"up":[{"embeddable":true,"href":"https:\/\/ambbaku.esteri.it\/az\/wp-json\/wp\/v2\/pages\/162"}],"wp:attachment":[{"href":"https:\/\/ambbaku.esteri.it\/az\/wp-json\/wp\/v2\/media?parent=165"}],"curies":[{"name":"wp","href":"https:\/\/api.w.org\/{rel}","templated":true}]}}

Ofislər

<div>
<p><strong>SƏFİR</strong></p>
<p>&nbsp;</p>
</div>
<div>
<p>Səfir LUCA Dİ GIANFRANCESCO</p>
<p>&nbsp;</p>
<p><strong>SƏFİRİN KATİBLİK ŞÖBƏSİ</strong></p>
<p>Xanım Aydan ƏLİYEVA (Tərcüməçi)</p>
<p>Tel +994-12-4975133/35 daxili 126/127</p>
<p>e-mail: <a href="mailto:segreteria.baku@esteri.it">segreteria.baku@esteri.it</a></p>
<p>&nbsp;</p>
<p><strong>SƏFİRİN MÜAV</strong><strong>İNİ </strong></p>
<p>Cənab Riccardo CURSİ</p>
<p>&nbsp;</p>
<p><strong>BİRİNCİ KATİB</strong></p>
<p>Cənab Marvin SENİGA</p>
<p>&nbsp;</p>
<p><strong>Diplomatik nümayəndələrin katiblik şöbəsi</strong></p>
<p>Xanım Gülşən ƏLİYEVA (Assistent)</p>
<p>Tel: +994 12 497 51 33/35 daxili 145</p>
<p>email: <a href="mailto:ambasciata.baku@esteri.it">ambasciata.baku@esteri.it</a> <a href="mailto:andrea.quartieri@esteri.it"><br />
</a></p>
<p>&nbsp;</p>
<p><strong>KONSULLUQ ŞÖBƏSİ</strong></p>
<p>Konsulluq Şöbəsinin məsul şəxsi</p>
<p><strong>Xanım</strong> <strong>Maria Elena GIOVANNINI OLMOS</strong></p>
<p><strong> </strong></p>
<p>Konsulluq Şöbəsinin məsul şəxsinin müavini</p>
<p><strong>Cənab Roberto BATTILOCCHIO</strong></p>
<p><strong> </strong></p>
<p>e-mail: <a href="mailto:baku.consolare@esteri.it">baku.consolare@esteri.it</a></p>
<p>e-mail: <a href="mailto:baku.visti@esteri.it">baku.visti@esteri.it</a></p>
<p>&nbsp;</p>
<p><strong>TƏŞVİQAT İNTEQRASİYA ŞÖBƏSİ (Ticarət və Mədəniyyət)</strong></p>
<p>Cənab Alessandro PARİNNELLO</p>
<p>Tel +994-12-4975133/35 daxili n. 119</p>
<p>e-mail: <a href="mailto:commerciale.baku@esteri.it">commerciale.baku@esteri.it</a>, <a href="mailto:culturale.baku@esteri.it">culturale.baku@esteri.it</a> <a href="https://nexus.esteri.it/">NEXUS (esteri.it)</a></p>
<p>&nbsp;</p>
<p><strong>İNZİBATİ ŞÖBƏ</strong></p>
<p><strong><br />
Xanım Federica SCALORA</strong> (İnzibati və mühasibatlıq şöbəsinin koordinatoru)</p>
<p>Tel +994-12-4975133/35, +994 12 4976998, +994 12 4975258 daxili 129</p>
<p>e-mail: <a href="mailto:contabilita.baku@esteri.it">contabilita.baku@esteri.it</a></p>
<p><strong><br />
Xanım Cristina VİTTİ</strong> (İnzibati və mühasibatlıq şöbəsinin məsul şəxsi)</p>
<p>Tel +994-12-4975133/35, +994 12 4976998, +994 12 4975258 daxili 143</p>
<p>e-mail: <a href="mailto:contabilita.baku@esteri.it">contabilita.baku@esteri.it</a></p>
<p>&nbsp;</p>
<p><strong>HƏRBİ ATTAŞELİK OFİSİ </strong></p>
<p>C.V. Gianfranco VIZZINI (Hərbi Attaşe)<br />
Tel.VOIP  206-1450 / 54<br />
Tel. +39 06469161450/54<br />
email: <a href="mailto:difeitalia.baku@smd.difesa.it">difeitalia.baku@smd.difesa.it</a></p>
<p>&nbsp;</p>
<p><strong>İTALİYA ŞİRKƏTLƏRİNİN XARİCDƏ</strong><strong> </strong><strong>TƏŞVİQİ AGENTLİYİ (ICE)</strong></p>
<p>Xanım Cecilia OLİVA (Direktor)</p>
<p>Tel.: +994 12 4971793</p>
<p>E-mail: <a href="mailto:baku@ice.it">baku@ice.it</a></p>
<p>Web: <a href="http://www.ice.it/">www.ice.it</a></p>
<p>&nbsp;</p>
<p>&nbsp;</p>
</div>

SƏFİR &nbsp; Səfir LUCA Dİ GIANFRANCESCO &nbsp; SƏFİRİN KATİBLİK ŞÖBƏSİ Xanım Aydan ƏLİYEVA (Tərcüməçi) Tel +994-12-4975133/35 daxili 126/127 e-mail: segreteria.baku@esteri.it &nbsp; SƏFİRİN MÜAVİNİ Cənab Riccardo CURSİ &nbsp; BİRİNCİ KATİB Cənab Marvin SENİGA &nbsp; Diplomatik nümayəndələrin katiblik şöbəsi Xanım Gülşən ƏLİYEVA (Assistent) Tel: +994 12 497 51 33/35 daxili 145 email: ambasciata.baku@esteri.it  &nbsp; KONSULLUQ ŞÖBƏSİ Konsulluq Şöbəsinin məsul [&hellip;]
